{"version":"1.0","provider_name":"Fundaci\u00f3 BCN FP","provider_url":"https:\/\/www.fundaciobcnfp.cat\/es\/","author_name":"Fundaci\u00f3 BCN FP","author_url":"https:\/\/www.fundaciobcnfp.cat\/es\/author\/edit_fundacio\/","title":"Jornada Mujeres\u00a0STEAM\u00a0en Bilbao - Fundaci\u00f3 BCN FP","type":"rich","width":600,"height":338,"html":"<blockquote class=\"wp-embedded-content\" data-secret=\"i1xMzRF3Hs\"><a href=\"https:\/\/www.fundaciobcnfp.cat\/es\/jornada-mujeres-steam-en-bilbao\/\">Jornada Mujeres\u00a0STEAM\u00a0en Bilbao<\/a><\/blockquote><iframe sandbox=\"allow-scripts\" security=\"restricted\" src=\"https:\/\/www.fundaciobcnfp.cat\/es\/jornada-mujeres-steam-en-bilbao\/embed\/#?secret=i1xMzRF3Hs\" width=\"600\" height=\"338\" title=\"\u00abJornada Mujeres\u00a0STEAM\u00a0en Bilbao\u00bb \u2014 Fundaci\u00f3 BCN FP\" data-secret=\"i1xMzRF3Hs\" frameborder=\"0\" marginwidth=\"0\" marginheight=\"0\" scrolling=\"no\" class=\"wp-embedded-content\"><\/iframe><script type=\"text\/javascript\">\n\/* <![CDATA[ *\/\n\/*! This file is auto-generated *\/\n!function(d,l){\"use strict\";l.querySelector&&d.addEventListener&&\"undefined\"!=typeof URL&&(d.wp=d.wp||{},d.wp.receiveEmbedMessage||(d.wp.receiveEmbedMessage=function(e){var t=e.data;if((t||t.secret||t.message||t.value)&&!\/[^a-zA-Z0-9]\/.test(t.secret)){for(var s,r,n,a=l.querySelectorAll('iframe[data-secret=\"'+t.secret+'\"]'),o=l.querySelectorAll('blockquote[data-secret=\"'+t.secret+'\"]'),c=new RegExp(\"^https?:$\",\"i\"),i=0;i<o.length;i++)o[i].style.display=\"none\";for(i=0;i<a.length;i++)s=a[i],e.source===s.contentWindow&&(s.removeAttribute(\"style\"),\"height\"===t.message?(1e3<(r=parseInt(t.value,10))?r=1e3:~~r<200&&(r=200),s.height=r):\"link\"===t.message&&(r=new URL(s.getAttribute(\"src\")),n=new URL(t.value),c.test(n.protocol))&&n.host===r.host&&l.activeElement===s&&(d.top.location.href=t.value))}},d.addEventListener(\"message\",d.wp.receiveEmbedMessage,!1),l.addEventListener(\"DOMContentLoaded\",function(){for(var e,t,s=l.querySelectorAll(\"iframe.wp-embedded-content\"),r=0;r<s.length;r++)(t=(e=s[r]).getAttribute(\"data-secret\"))||(t=Math.random().toString(36).substring(2,12),e.src+=\"#?secret=\"+t,e.setAttribute(\"data-secret\",t)),e.contentWindow.postMessage({message:\"ready\",secret:t},\"*\")},!1)))}(window,document);\n\/* ]]> *\/\n<\/script>\n","thumbnail_url":"https:\/\/www.fundaciobcnfp.cat\/wp-content\/uploads\/2023\/11\/WhatsApp-Image-2023-11-30-at-11.52.34.jpeg","thumbnail_width":2016,"thumbnail_height":908,"description":"El mi\u00e9rcoles 29 de noviembre de 2023, la Fundaci\u00f3n BCN Formaci\u00f3n Profesional particip\u00f3 a la Jornada\u00a0MICROELECTRONICA, ENERG\u00cdA, MUJERES, STEAM, FP Y EMPLEABILIDAD, el primer acto conjunto de\u00a0ECoVEM\u00a0con\u00a0SECOVE\u00a0a Bilbao, organizado por el\u00a0Cluster\u00a0NESGA\u00a0ANCCP\u00a0y en colaboraci\u00f3n de\u00a0Politeknika\u00a0Txorierri\u00a0UPV\/EHU\u00a0Merytronic\u00a0AI4VET4AI\u00a0ZIV\u00a0UNED\u00a0-\u00a0Universidad\u00a0Nacional de\u00a0Educaci\u00f3n\u00a0a\u00a0Distancia."}

Fundació BCN FP

Jornada Mujeres STEAM en Bilbao - Fundació BCN FP

<blockquote class="wp-embedded-content" data-secret="i1xMzRF3Hs"><a href="https://www.fundaciobcnfp.cat/es/jornada-mujeres-steam-en-bilbao/">Jornada Mujeres STEAM en Bilbao</a></blockquote><iframe sandbox="allow-scripts" security="restricted" src="https://www.fundaciobcnfp.cat/es/jornada-mujeres-steam-en-bilbao/embed/#?secret=i1xMzRF3Hs" width="600" height="338" title="«Jornada Mujeres STEAM en Bilbao» — Fundació BCN FP" data-secret="i1xMzRF3Hs" frameborder="0" marginwidth="0" marginheight="0" scrolling="no" class="wp-embedded-content"></iframe><script type="text/javascript">
/* <![CDATA[ */
/*! This file is auto-generated */
!function(d,l){"use strict";l.querySelector&&d.addEventListener&&"undefined"!=typeof URL&&(d.wp=d.wp||{},d.wp.receiveEmbedMessage||(d.wp.receiveEmbedMessage=function(e){var t=e.data;if((t||t.secret||t.message||t.value)&&!/[^a-zA-Z0-9]/.test(t.secret)){for(var s,r,n,a=l.querySelectorAll('iframe[data-secret="'+t.secret+'"]'),o=l.querySelectorAll('blockquote[data-secret="'+t.secret+'"]'),c=new RegExp("^https?:$","i"),i=0;i<o.length;i++)o[i].style.display="none";for(i=0;i<a.length;i++)s=a[i],e.source===s.contentWindow&&(s.removeAttribute("style"),"height"===t.message?(1e3<(r=parseInt(t.value,10))?r=1e3:~~r<200&&(r=200),s.height=r):"link"===t.message&&(r=new URL(s.getAttribute("src")),n=new URL(t.value),c.test(n.protocol))&&n.host===r.host&&l.activeElement===s&&(d.top.location.href=t.value))}},d.addEventListener("message",d.wp.receiveEmbedMessage,!1),l.addEventListener("DOMContentLoaded",function(){for(var e,t,s=l.querySelectorAll("iframe.wp-embedded-content"),r=0;r<s.length;r++)(t=(e=s[r]).getAttribute("data-secret"))||(t=Math.random().toString(36).substring(2,12),e.src+="#?secret="+t,e.setAttribute("data-secret",t)),e.contentWindow.postMessage({message:"ready",secret:t},"*")},!1)))}(window,document);
/* ]]> */
</script>

El miércoles 29 de noviembre de 2023, la Fundación BCN Formación Profesional participó a la Jornada MICROELECTRONICA, ENERGÍA, MUJERES, STEAM, FP Y EMPLEABILIDAD, el primer acto conjunto de ECoVEM con SECOVE a Bilbao, organizado por el Cluster NESGA ANCCP y en colaboración de Politeknika Txorierri UPV/EHU Merytronic AI4VET4AI ZIV UNED - Universidad Nacional de Educación a Distancia.
