{"version":"1.0","provider_name":"Fundaci\u00f3 BCN FP","provider_url":"https:\/\/www.fundaciobcnfp.cat\/es\/","author_name":"admin_fundacio","author_url":"https:\/\/www.fundaciobcnfp.cat\/es\/author\/admin_fundacio\/","title":"La construcci\u00f3n sostenible en clave de FP - Fundaci\u00f3 BCN FP","type":"rich","width":600,"height":338,"html":"<blockquote class=\"wp-embedded-content\" data-secret=\"e76NAca8ul\"><a href=\"https:\/\/www.fundaciobcnfp.cat\/es\/estudio\/la-construccion-sostenible-en-clave-de-fp\/\">La construcci\u00f3n sostenible en clave de FP<\/a><\/blockquote><iframe sandbox=\"allow-scripts\" security=\"restricted\" src=\"https:\/\/www.fundaciobcnfp.cat\/es\/estudio\/la-construccion-sostenible-en-clave-de-fp\/embed\/#?secret=e76NAca8ul\" width=\"600\" height=\"338\" title=\"\u00abLa construcci\u00f3n sostenible en clave de FP\u00bb \u2014 Fundaci\u00f3 BCN FP\" data-secret=\"e76NAca8ul\" frameborder=\"0\" marginwidth=\"0\" marginheight=\"0\" scrolling=\"no\" class=\"wp-embedded-content\"><\/iframe><script type=\"text\/javascript\">\n\/* <![CDATA[ *\/\n\/*! This file is auto-generated *\/\n!function(d,l){\"use strict\";l.querySelector&&d.addEventListener&&\"undefined\"!=typeof URL&&(d.wp=d.wp||{},d.wp.receiveEmbedMessage||(d.wp.receiveEmbedMessage=function(e){var t=e.data;if((t||t.secret||t.message||t.value)&&!\/[^a-zA-Z0-9]\/.test(t.secret)){for(var s,r,n,a=l.querySelectorAll('iframe[data-secret=\"'+t.secret+'\"]'),o=l.querySelectorAll('blockquote[data-secret=\"'+t.secret+'\"]'),c=new RegExp(\"^https?:$\",\"i\"),i=0;i<o.length;i++)o[i].style.display=\"none\";for(i=0;i<a.length;i++)s=a[i],e.source===s.contentWindow&&(s.removeAttribute(\"style\"),\"height\"===t.message?(1e3<(r=parseInt(t.value,10))?r=1e3:~~r<200&&(r=200),s.height=r):\"link\"===t.message&&(r=new URL(s.getAttribute(\"src\")),n=new URL(t.value),c.test(n.protocol))&&n.host===r.host&&l.activeElement===s&&(d.top.location.href=t.value))}},d.addEventListener(\"message\",d.wp.receiveEmbedMessage,!1),l.addEventListener(\"DOMContentLoaded\",function(){for(var e,t,s=l.querySelectorAll(\"iframe.wp-embedded-content\"),r=0;r<s.length;r++)(t=(e=s[r]).getAttribute(\"data-secret\"))||(t=Math.random().toString(36).substring(2,12),e.src+=\"#?secret=\"+t,e.setAttribute(\"data-secret\",t)),e.contentWindow.postMessage({message:\"ready\",secret:t},\"*\")},!1)))}(window,document);\n\/* ]]> *\/\n<\/script>\n","thumbnail_url":"https:\/\/www.fundaciobcnfp.cat\/wp-content\/uploads\/2024\/05\/contruccio-sostenible-portada-1-1.png","thumbnail_width":591,"thumbnail_height":836,"description":"El estudio Construcci\u00f3n Sostenible en clave de FP, impulsado por Barcelona Activa y elaborado por el Observatorio de la Fundaci\u00f3n BCN Formaci\u00f3n Profesional, analiza las din\u00e1micas del sector de la construcci\u00f3n en el territorio del \u00c1rea Metropolitana de Barcelona para encontrar una ensambladura entre el gap de talento al tejido productivo, la transici\u00f3n sostenible y [&hellip;]"}

Fundació BCN FP

La construcción sostenible en clave de FP - Fundació BCN FP

<blockquote class="wp-embedded-content" data-secret="e76NAca8ul"><a href="https://www.fundaciobcnfp.cat/es/estudio/la-construccion-sostenible-en-clave-de-fp/">La construcción sostenible en clave de FP</a></blockquote><iframe sandbox="allow-scripts" security="restricted" src="https://www.fundaciobcnfp.cat/es/estudio/la-construccion-sostenible-en-clave-de-fp/embed/#?secret=e76NAca8ul" width="600" height="338" title="«La construcción sostenible en clave de FP» — Fundació BCN FP" data-secret="e76NAca8ul" frameborder="0" marginwidth="0" marginheight="0" scrolling="no" class="wp-embedded-content"></iframe><script type="text/javascript">
/* <![CDATA[ */
/*! This file is auto-generated */
!function(d,l){"use strict";l.querySelector&&d.addEventListener&&"undefined"!=typeof URL&&(d.wp=d.wp||{},d.wp.receiveEmbedMessage||(d.wp.receiveEmbedMessage=function(e){var t=e.data;if((t||t.secret||t.message||t.value)&&!/[^a-zA-Z0-9]/.test(t.secret)){for(var s,r,n,a=l.querySelectorAll('iframe[data-secret="'+t.secret+'"]'),o=l.querySelectorAll('blockquote[data-secret="'+t.secret+'"]'),c=new RegExp("^https?:$","i"),i=0;i<o.length;i++)o[i].style.display="none";for(i=0;i<a.length;i++)s=a[i],e.source===s.contentWindow&&(s.removeAttribute("style"),"height"===t.message?(1e3<(r=parseInt(t.value,10))?r=1e3:~~r<200&&(r=200),s.height=r):"link"===t.message&&(r=new URL(s.getAttribute("src")),n=new URL(t.value),c.test(n.protocol))&&n.host===r.host&&l.activeElement===s&&(d.top.location.href=t.value))}},d.addEventListener("message",d.wp.receiveEmbedMessage,!1),l.addEventListener("DOMContentLoaded",function(){for(var e,t,s=l.querySelectorAll("iframe.wp-embedded-content"),r=0;r<s.length;r++)(t=(e=s[r]).getAttribute("data-secret"))||(t=Math.random().toString(36).substring(2,12),e.src+="#?secret="+t,e.setAttribute("data-secret",t)),e.contentWindow.postMessage({message:"ready",secret:t},"*")},!1)))}(window,document);
/* ]]> */
</script>

El estudio Construcción Sostenible en clave de FP, impulsado por Barcelona Activa y elaborado por el Observatorio de la Fundación BCN Formación Profesional, analiza las dinámicas del sector de la construcción en el territorio del Área Metropolitana de Barcelona para encontrar una ensambladura entre el gap de talento al tejido productivo, la transición sostenible y [&hellip;]
